4 + -a1?
-105
In base 5, what is -113 + -4?
-122
In base 12, what is 14 - b3?
-9b
In base 13, what is -313b - -2?
-3139
In base 3, what is -211 + -111?
-1022
In base 13, what is -3 - -331?
32b
In base 8, what is 126 + 4?
132
In base 16, what is -1156 + 1?
-1155
In base 14, what is -5 - a6?
-ab
In base 12, what is a64 - -5?
a69
In base 12, what is 129 + -6?
123
In base 5, what is 3 + -2002?
-1444
In base 14, what is -4 - 186?
-18a
In base 12, what is -5 + -a5?
-aa
In base 9, what is -3752 - 0?
-3752
In base 7, what is -2 - 6?
-11
In base 4, what is -10333 + 11?
-10322
In base 4, what is -213030 + 2?
-213022
In base 11, what is -3 + 105?
102
In base 7, what is -5 - 354?
-362
In base 15, what is 1371 - -1?
1372
In base 9, what is 366 - 1?
365
In base 6, what is 11132 - 3?
11125
In base 16, what is cd + 2?
cf
In base 11, what is -6072 - 1?
-6073
In base 10, what is -15666 + 4?
-15662
In base 10, what is -3 - 26?
-29
In base 7, what is 5 + -142?
-134
In base 14, what is 126c + -6?
1266
In base 3, what is -102011 - 12?
-102100
In base 6, what is 41 - -51?
132
In base 14, what is -3 + a2?
9d
In base 14, what is 19 - 33?
-18
In base 9, what is 382 + 0?
382
In base 9, what is 14 - -4?
18
In base 3, what is 2 + 21222112?
21222121
In base 8, what is -7375 + 2?
-7373
In base 9, what is 51 - -203?
254
In base 6, what is -43 + -4?
-51
In base 12, what is -34 - 2?
-36
In base 3, what is 200 + 201?
1101
In base 9, what is -2670 - -3?
-2666
In base 8, what is -1 + 1406?
1405
In base 14, what is -78 - -2?
-76
In base 11, what is -5 + -290?
-295
In base 15, what is 4 + -3b?
-37
In base 3, what is 2 - -12212?
12221
In base 13, what is -495 + -5?
-49a
In base 13, what is -213 - 3?
-216
In base 6, what is 3 + 103?
110
In base 11, what is 14 + 205?
219
In base 12, what is 2 + -1247?
-1245
In base 9, what is 2 + 5610?
5612
In base 15, what is 12 - 11?
1
In base 10, what is -3 - 89?
-92
In base 14, what is -41 + 7?
-38
In base 15, what is -1 - 69?
-6a
In base 16, what is 1 - 522?
-521
In base 4, what is -21213 + 0?
-21213
In base 15, what is 26 - 6?
20
In base 9, what is 73 + -1?
72
In base 3, what is -11 + -1012?
-1100
In base 3, what is 2 - 20?
-11
In base 5, what is 101 + 311?
412
In base 5, what is 422131 + -3?
422123
In base 13, what is -13c + 30?
-10c
In base 3, what is -11 - -110011?
110000
In base 2, what is -10101111101 - 100?
-10110000001
In base 11, what is 5 - -160?
165
In base 14, what is d4a + 1?
d4b
In base 16, what is -70 + c7?
57
In base 8, what is -2 + 606?
604
In base 6, what is 5 + -5533?
-5524
In base 7, what is 615 - 0?
615
In base 2, what is 10011000101 + -1101?
10010111000
In base 12, what is -194 - a?
-1a2
In base 15, what is -7 + 31?
29
In base 8, what is 3 + -343?
-340
In base 14, what is -132 + 5?
-12b
In base 9, what is 56 + -4?
52
In base 14, what is -3 + -1?
-4
In base 9, what is 81 + -15?
65
In base 9, what is 10 - 45?
-35
In base 14, what is -251 - 0?
-251
In base 5, what is 0 - 22203?
-22203
In base 9, what is -55 + 225?
160
In base 3, what is 12 + -112201?
-112112
In base 10, what is 1734 - -2?
1736
In base 4, what is -12331 - -3?
-12322
In base 8, what is 5 + 55?
62
In base 14, what is d - 6?
7
In base 15, what is -4a + -10?
-5a
In base 7, what is 36 - -15?
54
In base 15, what is -3 + -a1?
-a4
In base 7, what is -4423 + 6?
-4414
In base 12, what is 0 + -3?
-3
In base 4, what is 3 + -3321?
-3312
In base 10, what is -1 - -3?
2
In base 8, what is 176 - 22?
154
In base 4, what is -3200 + 2?
-3132
In base 6, what is -431 - -10?
-421
In base 4, what is 1132322 + 0?
1132322
In base 5, what is -2120 - -13?
-2102
In base 11, what is -4 - 830?
-834
In base 4, what is 11 - 202223?
-202212
In base 2, what is 10010001011011110 + -11?
10010001011011011
In base 2, what is 11111 + 101011?
1001010
In base 9, what is 23323 + -4?
23318
In base 9, what is 7245 - -4?
7250
In base 11, what is -9 + 0?
-9
In base 15, what is 78 - 2?
76
In base 5, what is 0 - 43?
-43
In base 12, what is 1 + -277?
-276
In base 16, what is 11 - 158?
-147
In base 9, what is -11 + 263?
252
In base 8, what is 11 - -145?
156
In base 4, what is -3 - 10?
-13
In base 2, what is -111100 - 10101001?
-11100101
In base 7, what is 344 + 6?
353
In base 8, what is -12 + -7?
-21
In base 11, what is -4 - a9?
-102
In base 4, what is -20111 - 1?
-20112
In base 8, what is 1 - -2135?
2136
In base 11, what is 2505 + 2?
2507
In base 9, what is -424 - 18?
-443
In base 2, what is 101 + -1100101010?
-1100100101
In base 11, what is 5 + -123?
-119
In base 12, what is -3 + -55?
-58
In base 8, what is 7254 + -2?
7252
In base 3, what is 2022121 + -10?
2022111
In base 14, what is -5 - -5b6?
5b1
In base 3, what is -10 - 22012?
-22022
In base 11, what is 5a9 + -7?
5a2
In base 3, what is 11 + 2200?
2211
In base 11, what is -2908 - -1?
-2907
In base 2, what is 1011001101 - -101?
1011010010
In base 12, what is 22 + 6?
28
In base 3, what is -1120102 + 2?
-1120100
In base 8, what is 5 + 2?
7
In base 15, what is -1 - 191?
-192
In base 7, what is 213 + 5?
221
In base 2, what is -11110 - 10001?
-101111
In base 13, what is -6 + -16?
-1c
In base 3, what is -1 - 20202111?
-20202112
In base 11, what is 1695 + -3?
1692
In base 13, what is 0 - -15a?
15a
In base 15, what is 4 - -352?
356
In base 11, what is -2 + -74a?
-751
In base 9, what is -3 - -3432?
3428
In base 9, what is 5 - -65?
71
In base 5, what is 12 + -3?
4
In base 9, what is -4400 + -10?
-4410
In base 9, what is 3 - -60?
63
In base 8, what is 5 + -60?
-53
In base 4, what is -221301 - -20?
-221221
In base 14, what is -18 + 2d?
15
In base 14, what is -14 + -4?
-18
In base 10, what is -4 + 115?
111
In base 5, what is 13 + -12441?
-12423
In base 3, what is 122210 + 10?
122220
In base 8, what is -72 - -2?
-70
In base 14, what is 3 - 1dc?
-1d9
In base 2, what is 10010001 + 10?
10010011
In base 5, what is 33 + 1111?
1144
In base 9, what is -13 - -11?
-2
In base 9, what is 21 + 4?
25
In base 6, what is 33 - 1000?
-523
In base 10, what is -780 - -1?
-779
In base 7, what is 4 - 3101?
-3064
In base 7, what is -2 + 51?
46
In base 6, what is -124 - 5?
-133
In base 14, what is -5 - 8c?
-93
In base 4, what is 11 + 11?
22
In base 12, what is 0 + -223?
-223
In base 9, what is -13 + 24?
11
In base 8, what is -75 - 1?
-76
In base 13, what is -235 - -1?
-234
In base 15, what is -64 + 5?
-5e
In base 3, what is -11211 - -12?
-11122
In base 12, what is -48 + 5?
-43
In base 6, what is 4502 + 0?
4502
In base 7, what is -3 - -5312?
5306
In base 2, what is -11 + 100010101000?
100010100101
In base 9, what is 8 + -114?
-105
In base 11, what is 7 + -1?
6
In base 3, what is -20 + 212012?
211222
In base 11, what is 1 + -161?
-160
In base 16, what is 4 - -1f9?
1fd
In base 3, what is -211021 + 22?
-210222
In base 9, what is 16 - -4?
21
In base 14, what is dd + -2?
db
In base 3, what is 1 + -2?
-1
In base 10, what is -77 - -5?
-72
In base 6, what is -25112 - -2?
-25110
In base 13, what is -1 + -bba?
-bbb
In base 12, what is 32 - 7?
27
In base 9, what is 4 - 2404?
-2400
In base 6, what is 13 + 15113?
15130
In base 5, what is -33 - -124?
41
In base 13, what is 2 - b1?
-ac
In base 10, what is 9 - -166?
175
In base 16, what is -22 + -5?
-27
In base 9, what is 32 - -44?
76
In base 16, what is -628 - -2?
-626
In base 15, what is -6 + -27?
-2d
In base 9, what is -5 + -365?
-371
In base 15, what is 5 - -38?
3d
In base 11, what is -16 + 211?
1a6
In base 8, what is -3 - 6032?
-6035
In base 14, what is -32 + -1a0?
-1d2
In base 16, what is 3a - -4?
3e
In base 8, what is -514 - -17?
-475
In base 13, what is 79 + 7?
83
In base 7, what is 4 - 1064?
-1060
In base 6, what is -151 - -1?
-150
In base 8, what is -47 - 2?
-51
In base 4, what is -2010 - -3?
-2001
In base 11, what is 5 - -566?
570
In base 15, what is -4 - -16?
12
In base 8, what is -1327 + -5?
-1334
In base 4, what is -11 + -302?
-313
In base 4, what is 3 - 1103?
-1100
In base 6, what is 101 + 123?
224
In base 11, what is -4 - -a03?
9aa
In base 6, what is -51 - 32?
-123
In base 15, what is 1 + -561?
-560
In base 9, what is -5 - -32?
26
In base 2, what is 0 + 1000100111?
1000100111
In base 16, what is 6f - -b?
7a
In base 15, what is -4 + -3b3?
-3b7
In base 15, what is 14 + 156?
16a
In base 4, what is -221 + -131?
-1012
In base 11, what is -25 - -2